is the greatest common divisor of 16617 and 338070?
573
What is the greatest common divisor of 16863681 and 174099?
1329
Calculate the highest common divisor of 73 and 3045431228.
73
What is the highest common factor of 113840 and 560?
80
What is the greatest common divisor of 172398 and 293820?
354
Calculate the highest common divisor of 101678494 and 149.
149
Calculate the highest common divisor of 6261380 and 42780.
620
What is the greatest common factor of 6615 and 5247900?
2205
Calculate the greatest common factor of 172506940 and 1860.
620
What is the highest common divisor of 10 and 400812725?
5
Calculate the highest common factor of 8526 and 71514.
174
What is the highest common factor of 2166 and 537480?
6
Calculate the highest common factor of 3510 and 800550.
270
What is the highest common divisor of 700 and 29117900?
700
Calculate the highest common factor of 3 and 2611059.
3
What is the greatest common divisor of 8719368 and 5418?
1806
What is the highest common factor of 6 and 11809194?
6
What is the highest common factor of 33023986 and 34175?
1367
Calculate the greatest common factor of 1260992 and 17568.
1952
What is the highest common divisor of 93964 and 120328?
676
Calculate the highest common factor of 8603 and 763.
7
What is the highest common factor of 1589 and 657909?
7
Calculate the greatest common divisor of 82930488 and 2958.
2958
Calculate the greatest common factor of 46257 and 19312.
17
Calculate the highest common divisor of 659 and 1967.
1
Calculate the highest common factor of 16523 and 493558.
533
Calculate the highest common factor of 322705 and 136007.
277
What is the greatest common factor of 3535 and 1020605?
505
What is the highest common factor of 291630188 and 1556?
1556
What is the greatest common factor of 12308 and 5576248?
724
What is the greatest common factor of 32721353 and 21?
7
What is the highest common factor of 334348131 and 195?
39
What is the highest common divisor of 33 and 1157742?
3
Calculate the highest common factor of 41922 and 29044.
274
What is the highest common factor of 10069813 and 143?
13
Calculate the greatest common factor of 17197 and 63423.
29
What is the highest common factor of 14183640 and 45?
45
What is the greatest common divisor of 30160864 and 32?
32
What is the highest common factor of 46899 and 1764792?
1737
What is the highest common factor of 37617580 and 1365?
455
What is the highest common divisor of 125 and 1142149875?
125
Calculate the highest common factor of 2030994 and 4374.
1458
What is the highest common divisor of 17 and 26254919?
17
Calculate the highest common factor of 94119400 and 1475.
25
Calculate the greatest common divisor of 9031839 and 13419.
213
Calculate the highest common factor of 704 and 653742584.
88
Calculate the highest common divisor of 1340 and 2764940.
20
Calculate the greatest common divisor of 526785 and 5761140.
3045
Calculate the greatest common factor of 28 and 18903598.
14
What is the highest common factor of 160927 and 1352?
13
What is the greatest common factor of 1056 and 1571872?
32
Calculate the greatest common divisor of 435487 and 395177.
139
What is the highest common divisor of 1751 and 194567?
103
What is the highest common divisor of 425577826 and 13730?
2746
What is the highest common divisor of 22459 and 45118310?
607
What is the highest common factor of 20 and 57906710?
10
Calculate the highest common divisor of 39577525 and 20.
5
What is the greatest common divisor of 3970 and 62570?
10
What is the greatest common divisor of 13 and 7266441?
13
Calculate the greatest common divisor of 66 and 917158.
22
Calculate the highest common divisor of 3595 and 290544305.
3595
What is the greatest common factor of 2796 and 196571382?
1398
What is the greatest common factor of 562 and 66635497?
281
Calculate the greatest common divisor of 3826330 and 775.
155
Calculate the greatest common divisor of 11081221 and 33193.
1747
What is the highest common factor of 53977 and 4817351?
77
What is the highest common divisor of 1161 and 146118429?
387
Calculate the greatest common factor of 39361834 and 272.
34
What is the highest common factor of 1300 and 1985308?
52
Calculate the highest common factor of 5076103 and 5731.
521
What is the highest common divisor of 805 and 17014825?
115
Calculate the greatest common factor of 34692072 and 72.
24
What is the greatest common factor of 119222555 and 5?
5
What is the highest common divisor of 7050 and 6000?
150
What is the greatest common factor of 23790 and 226980?
390
Calculate the greatest common divisor of 6184 and 8472853.
773
Calculate the highest common divisor of 372 and 61113.
3
Calculate the greatest common divisor of 42777 and 8697843.
441
What is the highest common factor of 41340112 and 992?
496
What is the highest common factor of 4011 and 41767116?
573
What is the highest common divisor of 30170523 and 3?
3
Calculate the highest common factor of 32913832 and 168.
56
Calculate the greatest common divisor of 20546 and 89.
1
Calculate the highest common factor of 380 and 89221460.
20
What is the highest common factor of 3032183 and 436667?
4081
Calculate the greatest common factor of 7375 and 25547.
59
Calculate the greatest common factor of 1000748 and 20820.
1388
What is the highest common divisor of 3648 and 25126512?
912
Calculate the greatest common divisor of 20 and 32464924.
4
What is the greatest common factor of 13573626 and 33?
33
What is the greatest common factor of 6 and 3010941?
3
What is the highest common divisor of 3150 and 453864600?
3150
What is the highest common divisor of 600875155 and 24202?
12101
What is the greatest common divisor of 73554 and 1045902?
1794
What is the highest common divisor of 1383 and 62416173?
1383
Calculate the greatest common divisor of 13702 and 13385800.
1054
Calculate the greatest common divisor of 1589 and 10051787.
227
Calculate the greatest common factor of 1631 and 106799.
7
Calculate the greatest common factor of 1141678844 and 116.
116
What is the greatest common divisor of 368550896 and 692?
692
Calculate the greatest common divisor of 1 and 1013249.
1
What is the highest common divisor of 342720 and 1327680?
2880
Calculate the highest common factor of 14 and 44549057.
7
What is the greatest common divisor of 2014 and 5375578?
106
What is the greatest common factor of 772812 and 62?
2
What is the highest common divisor of 2234144 and 60742?
242
Calculate the greatest common divisor of 33166 and 93656.
46
What is the greatest common divisor of 1779 and 4228683?
1779
Calculate the highest common factor of 3397 and 17672011.
43
Calculate the greatest common divisor of 8598158 and 1530.
34
Calculate the greatest common divisor of 5047503 and 14748.
3687
What is the highest common divisor of 236532 and 542481?
2571
Calculate the highest common divisor of 28906779 and 627.
33
Calculate the greatest common factor of 26493217 and 69.
23
What is the greatest common factor of 1691 and 485279?
19
What is the greatest common factor of 28830 and 29696760?
930
Calculate the greatest common divisor of 96 and 3250056.
24
What is the greatest common divisor of 368 and 384094664?
184
What is the highest common factor of 18842830 and 40?
10
Calculate the highest common divisor of 46796684 and 44.
44
Calculate the greatest common divisor of 46699 and 74236.
67
Calculate the highest common factor of 12 and 24358116.
12
Calculate the greatest common factor of 91 and 1651601.
7
Calculate the greatest common factor of 776540 and 324515.
205
What is the highest common factor of 899300 and 54400?
1700
What is the greatest common factor of 734230 and 168980?
1190
Calculate the greatest common divisor of 242 and 95656.
22
Calculate the highest common divisor of 2060 and 85118170.
1030
What is the greatest common factor of 651444335 and 2482?
1241
Calculate the greatest common divisor of 15120 and 28485.
135
Calculate the greatest common divisor of 1011025 and 14209.
1093
Calculate the highest common divisor of 118679 and 17237.
11
Calculate the greatest common divisor of 104176469 and 3197.
139
What is the greatest common factor of 1533182 and 7081?
97
Calculate the highest common divisor of 27 and 8893962.
27
Calculate the greatest common d